n 26677525 is divided by 1026055?
95
Calculate the remainder when 8906727 is divided by 595.
172
What is the remainder when 515755 is divided by 2105?
30
What is the remainder when 39849 is divided by 118?
83
Calculate the remainder when 1423473 is divided by 36.
33
What is the remainder when 23530153 is divided by 398816?
9
What is the remainder when 622152 is divided by 42?
6
What is the remainder when 1070896 is divided by 231?
211
What is the remainder when 553901 is divided by 184083?
1652
Calculate the remainder when 88861 is divided by 455.
136
What is the remainder when 2211664 is divided by 6?
4
What is the remainder when 55173521 is divided by 165?
161
Calculate the remainder when 611056 is divided by 2830.
2606
What is the remainder when 5732784 is divided by 90996?
36
Calculate the remainder when 13844 is divided by 432.
20
What is the remainder when 3753338 is divided by 497?
491
Calculate the remainder when 708553 is divided by 50610.
13
What is the remainder when 6044318 is divided by 28646?
12
Calculate the remainder when 16883 is divided by 8275.
333
What is the remainder when 170847726 is divided by 70?
56
What is the remainder when 5350130 is divided by 281585?
15
What is the remainder when 91110410 is divided by 34?
32
Calculate the remainder when 531509 is divided by 3670.
3029
What is the remainder when 686082 is divided by 2442?
2322
What is the remainder when 64982 is divided by 7901?
1774
What is the remainder when 871180 is divided by 5065?
0
Calculate the remainder when 353303 is divided by 7066.
3
What is the remainder when 1839673 is divided by 1144?
121
What is the remainder when 2735754 is divided by 5?
4
Calculate the remainder when 21175508 is divided by 4235086.
78
What is the remainder when 25996 is divided by 1716?
256
Calculate the remainder when 109221 is divided by 4741.
178
Calculate the remainder when 137783152 is divided by 498.
496
What is the remainder when 685980 is divided by 601?
239
What is the remainder when 729555917 is divided by 4134?
4133
What is the remainder when 165928 is divided by 1895?
1063
Calculate the remainder when 188146252 is divided by 3143.
3129
What is the remainder when 9124865 is divided by 68096?
1
What is the remainder when 3797507 is divided by 31?
7
What is the remainder when 317680599 is divided by 460?
459
Calculate the remainder when 3040240 is divided by 904.
88
Calculate the remainder when 5938845 is divided by 17.
14
What is the remainder when 712396 is divided by 234?
100
What is the remainder when 266337 is divided by 666?
603
Calculate the remainder when 14567 is divided by 7280.
7
Calculate the remainder when 51206862 is divided by 10241370.
12
Calculate the remainder when 614 is divided by 216.
182
What is the remainder when 22404 is divided by 11016?
372
Calculate the remainder when 1358882 is divided by 160.
2
Calculate the remainder when 2240129 is divided by 19.
10
Calculate the remainder when 15697737 is divided by 43.
28
Calculate the remainder when 98887 is divided by 353.
47
What is the remainder when 868590 is divided by 173704?
70
What is the remainder when 2616062 is divided by 134?
114
What is the remainder when 3647405 is divided by 191968?
13
Calculate the remainder when 686846 is divided by 899.
10
Calculate the remainder when 4563217 is divided by 40.
17
What is the remainder when 12531170 is divided by 167?
158
What is the remainder when 106298595 is divided by 3964?
3935
Calculate the remainder when 5218131 is divided by 130453.
11
Calculate the remainder when 738145 is divided by 759.
397
What is the remainder when 12415425 is divided by 443408?
1
Calculate the remainder when 299894 is divided by 149722.
450
What is the remainder when 27086098 is divided by 235531?
33
Calculate the remainder when 50503 is divided by 50364.
139
Calculate the remainder when 3342486 is divided by 128557.
4
Calculate the remainder when 83369 is divided by 13552.
2057
What is the remainder when 1438294 is divided by 119818?
478
What is the remainder when 6209641 is divided by 571?
16
What is the remainder when 675655 is divided by 242?
233
What is the remainder when 25228 is divided by 7821?
1765
Calculate the remainder when 41293319 is divided by 153.
149
Calculate the remainder when 53204 is divided by 17601.
401
What is the remainder when 290174 is divided by 11086?
1938
What is the remainder when 962135 is divided by 4077?
4040
What is the remainder when 24884 is divided by 4967?
49
Calculate the remainder when 2070032 is divided by 280.
272
What is the remainder when 154582 is divided by 657?
187
What is the remainder when 2939175 is divided by 734789?
19
Calculate the remainder when 14442923 is divided by 961.
54
What is the remainder when 71008 is divided by 4022?
2634
Calculate the remainder when 7897899 is divided by 5005.
9
What is the remainder when 1909974 is divided by 1713?
1692
Calculate the remainder when 348115013 is divided by 3393.
3392
Calculate the remainder when 5842934 is divided by 324605.
44
Calculate the remainder when 6382572 is divided by 95.
92
Calculate the remainder when 16198375 is divided by 162.
157
Calculate the remainder when 249484136 is divided by 793.
785
Calculate the remainder when 486995 is divided by 1285.
1265
What is the remainder when 2198356 is divided by 1318?
1250
What is the remainder when 261419 is divided by 29024?
203
Calculate the remainder when 247640648 is divided by 3970.
3958
What is the remainder when 14718210 is divided by 14718210?
0
What is the remainder when 9938 is divided by 8982?
956
What is the remainder when 1886038 is divided by 376987?
1103
What is the remainder when 350085 is divided by 476?
225
Calculate the remainder when 233335 is divided by 255.
10
Calculate the remainder when 9999 is divided by 4003.
1993
Calculate the remainder when 23418 is divided by 786.
624
What is the remainder when 26686528 is divided by 14?
8
What is the remainder when 1420413 is divided by 678?
3
What is the remainder when 2318 is divided by 898?
522
Calculate the remainder when 13744798 is divided by 1245.
1243
What is the remainder when 1355571 is divided by 21517?
0
Calculate the remainder when 205981 is divided by 102984.
13
Calculate the remainder when 1057636 is divided by 10.
6
Calculate the remainder when 257643 is divided by 23092.
3631
Calculate the remainder when 6787949 is divided by 138529.
28
What is the remainder when 14034833 is divided by 453?
440
Calculate the remainder when 17965 is divided by 1461.
433
Calculate the remainder when 953319 is divided by 317461.
936
What is the remainder when 193061 is divided by 47922?
1373
Calculate the remainder when 25016834 is divided by 1903.
1899
Calculate the remainder when 45944332 is divided by 281867.
11
Calculate the remainder when 15210717 is divided by 45.
42
What is the remainder when 6482666 is divided by 169?
164
Calculate the remainder when 2070851 is divided by 295582.
1777
What is the remainder when 600137 is divided by 4884?
4289
Calculate the remainder when 17849741 is divided by 8924870.
1
What is the remainder when 625032 is divided by 312373?
286
What is the remainder when 858832 is divided by 345?
127
What is the remainder when 67072284 is divided by 5014?
6
Calculate the remainder when 17459450 is divided by 218243.
10
Calculate the remainder when 32376 is divided by 15897.
582
Calculate the remainder when 18590561 is divided by 336.
17
Calculate the remainder when 13314202 is divided by 3328546.
18
What is the remainder when 35716 is divided by 1102?
452
Calculate the remainder when 314588859 is divided by 126.
123
Calculate the remainder when 34835370 is divided by 143.
141
Calculate the remainder when 13036 is divided by 12171.
865
What is the remainder when 298275 is divided by 298274?
1
Calculate the remainder when 7520194 is divided by 40001.
6
What is the remainder when 46604 is divided by 98?
54
What is the remainder when 635731 is divided by 3571?
93
What is the remainder when 33625449 is divided by 434?
431
Calculate the remainder when 123585 is divided by 20591.
39
What is the remainder when 1153749 is divided by 1153742?
7
Calculate the remainder when 438892 is divided by 438879.
13
Calculate the remainder when 4401481 